128.32.81.110 - - [05/Feb/2004:23:52:30 -0800] "GET / HTTP/1.1" 404 229 "-" "Mozilla/5.0 (Macintosh; U; PPC Mac OS X; en) AppleWebKit/124 (KHTML, like Gecko) Safari/125"
128.32.81.110 - - [05/Feb/2004:23:52:44 -0800] "GET /s HTTP/1.1" 404 232 "-" "Mozilla/5.0 (Macintosh; U; PPC Mac OS X; en) AppleWebKit/124 (KHTML, like Gecko) Safari/125"
128.32.81.110 - - [05/Feb/2004:23:53:03 -0800] "GET /www.xwt.org/demo.xwar HTTP/1.1" 400 363 "-" "Mozilla/5.0 (Macintosh; U; PPC Mac OS X; en) AppleWebKit/124 (KHTML, like Gecko) Safari/125"
128.32.81.110 - - [05/Feb/2004:23:53:07 -0800] "GET /stable/www.xwt.org/demo.xwar HTTP/1.1" 200 2052 "-" "Mozilla/5.0 (Macintosh; U; PPC Mac OS X; en) AppleWebKit/124 (KHTML, like Gecko) Safari/125"
128.32.81.110 - - [05/Feb/2004:23:53:23 -0800] "GET /stump.jar HTTP/1.1" 200 194 "-" "Mozilla/4.0 (Mac OS X 10.3.2) Java/1.4.2_03"
128.32.81.110 - - [05/Feb/2004:23:53:23 -0800] "GET /stump.jar HTTP/1.1" 200 194 "-" "Mozilla/4.0 (Mac OS X 10.3.2) Java/1.4.2_03"
128.32.81.110 - - [05/Feb/2004:23:53:23 -0800] "GET /shoehorn.jar HTTP/1.1" 302 70 "-" "Mozilla/4.0 (Mac OS X 10.3.2) Java/1.4.2_03"
128.32.81.110 - - [05/Feb/2004:23:53:37 -0800] "GET /stable/www.xwt.org/sun/plugin/protocol/PluginProxyHandler.class HTTP/1.1" 200 2043 "-" "Mozilla/4.0 (Mac OS X 10.3.2) Java/1.4.2_03"
128.32.81.110 - - [05/Feb/2004:23:53:37 -0800] "GET /stable/www.xwt.org/sun/plugin/protocol/PluginProxyHandler.class HTTP/1.1" 200 2043 "-" "Mozilla/4.0 (Mac OS X 10.3.2) Java/1.4.2_03"
62.81.192.131 - - [06/Feb/2004:00:33:28 -0800] "GET /stable/xwt.org/xwar/sampler-0.5pre3.xwar HTTP/1.0" 200 2206 "http://www.xwt.org/" "Mozilla/4.0 (compatible; MSIE 6.0; Windows NT 5.0; .NET CLR 1.0.3705)"
213.136.25.118 - - [06/Feb/2004:00:34:57 -0800] "GET /stable/www.xwt.org/demo.xwar HTTP/1.1" 200 2179 "-" "Mozilla/4.0 (compatible; MSIE 6.0; Windows NT 5.1; .NET CLR 1.1.4322)"
210.22.156.19 - - [06/Feb/2004:01:29:24 -0800] "GET /stable/www.xwt.org/demo.xwar HTTP/1.0" 200 2198 "-" "Mozilla/4.0 (compatible; MSIE 6.0; Windows NT 5.0; .NET CLR 1.1.4322; .NET CLR 1.0.3705)"
210.22.156.19 - - [06/Feb/2004:01:29:28 -0800] "GET /stable/www.xwt.org/demo.xwar HTTP/1.0" 200 2198 "-" "Mozilla/4.0 (compatible; MSIE 6.0; Windows NT 5.0; .NET CLR 1.1.4322; .NET CLR 1.0.3705)"
169.140.117.98 - - [06/Feb/2004:01:48:29 -0800] "GET /stable/www.xwt.org/demo.xwar HTTP/1.0" 200 2200 "-" "Mozilla/4.0 (compatible; MSIE 6.0; Windows NT 5.0; {CC2041C1-28FE-4563-BE6D-13B60E74B5FB})"
169.140.117.98 - - [06/Feb/2004:01:51:23 -0800] "GET /stable/www.benshaw.com/salesdemo.xwar HTTP/1.0" 200 2209 "-" "Mozilla/4.0 (compatible; MSIE 6.0; Windows NT 5.0; {CC2041C1-28FE-4563-BE6D-13B60E74B5FB})"
66.92.249.237 - - [06/Feb/2004:01:51:51 -0800] "GET /stable/xwt.org/xwar/sampler-0.5pre3.xwar HTTP/1.1" 200 2063 "http://www.xwt.org/" "Mozilla/5.0 (Windows; U; Windows NT 5.1; en-US; rv:1.5) Gecko/20031007 Firebird/0.7"
66.92.249.237 - - [06/Feb/2004:01:52:00 -0800] "GET /favicon.ico HTTP/1.1" 404 262 "-" "Mozilla/5.0 (Windows; U; Windows NT 5.1; en-US; rv:1.5) Gecko/20031007 Firebird/0.7"
66.92.249.237 - - [06/Feb/2004:01:52:01 -0800] "GET /stump.jar HTTP/1.1" 200 194 "-" "Mozilla/4.0 (Windows XP 5.1) Java/1.4.2-beta"
66.92.249.237 - - [06/Feb/2004:01:52:01 -0800] "GET /stump.jar HTTP/1.1" 200 194 "-" "Mozilla/4.0 (Windows XP 5.1) Java/1.4.2-beta"
66.92.249.237 - - [06/Feb/2004:01:52:02 -0800] "GET /shoehorn.jar HTTP/1.1" 302 70 "-" "Mozilla/4.0 (Windows XP 5.1) Java/1.4.2-beta"
66.92.249.237 - - [06/Feb/2004:01:52:59 -0800] "GET /stable/xwt.org/xwar/sun/plugin/protocol/PluginProxyHandler.class HTTP/1.1" 200 2046 "-" "Mozilla/4.0 (Windows XP 5.1) Java/1.4.2-beta"
66.92.249.237 - - [06/Feb/2004:01:52:59 -0800] "GET /stable/xwt.org/xwar/sun/plugin/protocol/PluginProxyHandler.class HTTP/1.1" 200 2046 "-" "Mozilla/4.0 (Windows XP 5.1) Java/1.4.2-beta"
80.143.72.220 - - [06/Feb/2004:02:13:03 -0800] "GET / HTTP/1.1" 404 229 "-" "Mozilla/4.0 (compatible; grub-client-1.5.3; Crawl your own stuff with http://grub.org)"
193.49.124.107 - - [06/Feb/2004:02:18:08 -0800] "GET /stable/www.xwt.org/demo.xwar HTTP/1.1" 200 3344 "-" "Mozilla/4.0 (compatible; MSIE 6.0; Windows NT 5.0) Opera 7.23 [fr]"
193.49.124.107 - - [06/Feb/2004:02:19:06 -0800] "GET /stable/www.xwt.org/demo.xwar HTTP/1.1" 200 3344 "-" "Mozilla/4.0 (compatible; MSIE 6.0; Windows NT 5.0) Opera 7.23 [fr]"
216.78.148.18 - - [06/Feb/2004:02:53:01 -0800] "GET /stable/www.xwt.org/demo.xwar HTTP/1.1" 200 2169 "-" "Mozilla/4.0 (compatible; MSIE 5.5; Windows NT 5.0; H010818)"
216.78.148.18 - - [06/Feb/2004:02:55:57 -0800] "GET /stable/www.benshaw.com/salesdemo.xwar HTTP/1.1" 200 2178 "-" "Mozilla/4.0 (compatible; MSIE 5.5; Windows NT 5.0; H010818)"
81.11.145.72 - - [06/Feb/2004:03:16:02 -0800] "GET /stable/www.xwt.org/demo.xwar HTTP/1.1" 200 2036 "-" "Mozilla/5.0 (Windows; U; Windows NT 5.1; en-US; rv:1.5) Gecko/20031007 Firebird/0.7"
81.11.145.72 - - [06/Feb/2004:03:16:02 -0800] "GET /favicon.ico HTTP/1.1" 404 262 "-" "Mozilla/5.0 (Windows; U; Windows NT 5.1; en-US; rv:1.5) Gecko/20031007 Firebird/0.7"
81.11.145.72 - - [06/Feb/2004:03:16:21 -0800] "GET /stable/www.xwt.org/demo.xwar HTTP/1.1" 200 2179 "-" "Mozilla/4.0 (compatible; MSIE 6.0; Windows NT 5.1; .NET CLR 1.0.3705)"
81.11.145.72 - - [06/Feb/2004:03:16:40 -0800] "GET /stable/www.brianweb.net/xwt/itunes.xwar HTTP/1.1" 200 2238 "http://wiki.xwt.org/Wiki.jsp?page=XWTiTunesLookalike" "Mozilla/4.0 (compatible; MSIE 6.0; Windows NT 5.1; .NET CLR 1.0.3705)"
81.11.145.72 - - [06/Feb/2004:03:16:50 -0800] "GET /stable/www.brianweb.net/xwt/itunes.xwar HTTP/1.1" 200 2095 "http://wiki.xwt.org/Wiki.jsp?page=XWTiTunesLookalike" "Mozilla/5.0 (Windows; U; Windows NT 5.1; en-US; rv:1.5) Gecko/20031007 Firebird/0.7"
169.229.117.172 - - [06/Feb/2004:03:25:14 -0800] "GET /stable/xwt.org/tutorial/tictactoe/tictactoe.xwar HTTP/1.1" 200 2046 "http://www.xwt.org/tutorial/tictactoe/" "Mozilla/5.0 Galeon/1.2.7 (X11; Linux i686; U;) Gecko/20030131"
66.188.210.10 - - [06/Feb/2004:04:40:25 -0800] "GET /stable/xwt.org/xwar/sampler-0.5pre3.xwar HTTP/1.1" 200 2019 "http://www.xwt.org/" "Mozilla/5.0 (Windows; U; Win95; en-US; rv:1.6) Gecko/20040113"
66.188.210.10 - - [06/Feb/2004:04:41:11 -0800] "GET /stable/xwt.org/xwar/sampler-0.5pre3.xwar HTTP/1.1" 200 2019 "http://www.xwt.org/" "Mozilla/5.0 (Windows; U; Win95; en-US; rv:1.6) Gecko/20040113"
66.188.210.10 - - [06/Feb/2004:04:58:56 -0800] "GET /stable/www.xwt.org/demo.xwar HTTP/1.1" 200 1992 "-" "Mozilla/5.0 (Windows; U; Win95; en-US; rv:1.6) Gecko/20040113"
218.242.194.31 - - [06/Feb/2004:05:24:06 -0800] "GET /stable/www.xwt.org/demo.xwar HTTP/1.1" 200 2188 "-" "Mozilla/4.0 (compatible; MSIE 6.0; Windows NT 5.0; Q312461; .NET CLR 1.1.4322)"
218.242.194.31 - - [06/Feb/2004:05:24:38 -0800] "GET /favicon.ico HTTP/1.1" 404 1104 "-" "Mozilla/4.0 (compatible; MSIE 6.0; Windows NT 5.0; Q312461; .NET CLR 1.1.4322)"
61.208.15.194 - - [06/Feb/2004:05:25:07 -0800] "GET /stable/www.xwt.org/demo.xwar HTTP/1.0" 200 2042 "-" "Mozilla/5.0 (Windows; U; Windows NT 5.2; ja-JP; rv:1.0.2) Gecko/20030208 Netscape/7.02"
61.208.15.194 - - [06/Feb/2004:05:25:07 -0800] "GET /favicon.ico HTTP/1.0" 404 262 "-" "Mozilla/5.0 (Windows; U; Windows NT 5.2; ja-JP; rv:1.0.2) Gecko/20030208 Netscape/7.02"
61.208.15.194 - - [06/Feb/2004:05:25:12 -0800] "GET /stump.jar HTTP/1.0" 200 194 "-" "Mozilla/4.0 (Windows 2003 5.2) Java/1.4.2_03"
61.208.15.194 - - [06/Feb/2004:05:25:12 -0800] "GET /stump.jar HTTP/1.0" 200 194 "-" "Mozilla/4.0 (Windows 2003 5.2) Java/1.4.2_03"
61.208.15.194 - - [06/Feb/2004:05:25:12 -0800] "GET /shoehorn.jar HTTP/1.0" 302 70 "-" "Mozilla/4.0 (Windows 2003 5.2) Java/1.4.2_03"
218.242.194.31 - - [06/Feb/2004:05:25:12 -0800] "GET /stable/www.xwt.org/demo.xwar HTTP/1.1" 200 2188 "-" "Mozilla/4.0 (compatible; MSIE 6.0; Windows NT 5.0; Q312461; .NET CLR 1.1.4322)"
61.208.15.194 - - [06/Feb/2004:05:26:41 -0800] "GET /stable/www.xwt.org/demo.xwar HTTP/1.0" 200 2042 "-" "Mozilla/5.0 (Windows; U; Windows NT 5.2; ja-JP; rv:1.0.2) Gecko/20030208 Netscape/7.02"
218.242.194.31 - - [06/Feb/2004:05:26:55 -0800] "GET /stable/www.xwt.org/demo.xwar HTTP/1.1" 200 2188 "-" "Mozilla/4.0 (compatible; MSIE 6.0; Windows NT 5.0; Q312461; .NET CLR 1.1.4322)"
128.194.135.86 - - [06/Feb/2004:06:15:15 -0800] "GET /stable/xwt.org/xwar/sampler-0.5pre3.xwar HTTP/1.1" 200 1956 "-" "Mozilla/4.0"
66.196.90.238 - - [06/Feb/2004:06:35:09 -0800] "GET /robots.txt HTTP/1.0" 404 259 "-" "Mozilla/5.0 (Slurp/si; slurp@inktomi.com; http://www.inktomi.com/slurp.html)"
66.196.90.77 - - [06/Feb/2004:06:35:10 -0800] "GET /stable/homes.jcu.edu.au/~jc125751/apps/xwt/demo.xwar HTTP/1.0" 200 2048 "-" "Mozilla/5.0 (Slurp/cat; slurp@inktomi.com; http://www.inktomi.com/slurp.html)"
171.161.224.10 - - [06/Feb/2004:08:13:01 -0800] "GET /stable/www.xwt.org/demo.xwar HTTP/1.0" 200 2196 "-" "Mozilla/4.0 (compatible; MSIE 6.0; Windows NT 5.0; UB1.4_IE6.0_SP1; .NET CLR 1.0.3705)"
62.183.163.11 - - [06/Feb/2004:08:39:17 -0800] "GET /stable/www.xwt.org/demo.xwar HTTP/1.1" 200 2179 "-" "Mozilla/4.0 (compatible; MSIE 6.0; Windows NT 5.0; .NET CLR 1.0.3705)"
62.183.163.11 - - [06/Feb/2004:08:46:43 -0800] "GET /stable/www.brianweb.net/xwt/itunes.xwar HTTP/1.1" 200 2238 "http://wiki.xwt.org/Wiki.jsp?page=XWTiTunesLookalike" "Mozilla/4.0 (compatible; MSIE 6.0; Windows NT 5.0; .NET CLR 1.0.3705)"
62.183.163.11 - - [06/Feb/2004:08:47:35 -0800] "GET /stable/www.brianweb.net/xwt/itunes.xwar HTTP/1.1" 200 2238 "http://wiki.xwt.org/Wiki.jsp?page=XWTiTunesLookalike" "Mozilla/4.0 (compatible; MSIE 6.0; Windows NT 5.0; .NET CLR 1.0.3705)"
66.236.220.62 - - [06/Feb/2004:08:52:59 -0800] "GET /stable/www.xwt.org/demo.xwar HTTP/1.1" 200 3344 "-" "Mozilla/4.0 (compatible; MSIE 6.0; Windows NT 5.0) Opera 7.23 [en]"
66.236.220.62 - - [06/Feb/2004:08:53:43 -0800] "GET /stable/www.xwt.org/demo.xwar HTTP/1.1" 200 3344 "-" "Mozilla/4.0 (compatible; MSIE 6.0; Windows NT 5.0) Opera 7.23 [en]"
66.236.220.62 - - [06/Feb/2004:08:55:13 -0800] "GET /stable/www.xwt.org/demo.xwar HTTP/1.1" 200 3344 "-" "Mozilla/4.0 (compatible; MSIE 6.0; Windows NT 5.0) Opera 7.23 [en]"
66.236.220.62 - - [06/Feb/2004:08:55:19 -0800] "GET /stable/www.xwt.org/{0} HTTP/1.1" 200 3384 "http://launch.xwt.org/stable/www.xwt.org/demo.xwar" "Mozilla/4.0 (compatible; MSIE 6.0; Windows NT 5.0) Opera 7.23 [en]"
65.165.95.66 - - [06/Feb/2004:08:56:07 -0800] "GET /stable/xwt.org/xwar/sampler-0.5pre3.xwar HTTP/1.1" 200 2063 "http://www.xwt.org/" "Mozilla/5.0 (Windows; U; Windows NT 5.1; en-US; rv:1.5) Gecko/20031007 Firebird/0.7"
65.165.95.66 - - [06/Feb/2004:08:56:07 -0800] "GET /favicon.ico HTTP/1.1" 404 262 "-" "Mozilla/5.0 (Windows; U; Windows NT 5.1; en-US; rv:1.5) Gecko/20031007 Firebird/0.7"
65.165.95.66 - - [06/Feb/2004:08:58:16 -0800] "GET /stable/www.xwt.org/demo.xwar HTTP/1.1" 200 2036 "-" "Mozilla/5.0 (Windows; U; Windows NT 5.1; en-US; rv:1.5) Gecko/20031007 Firebird/0.7"
66.236.220.62 - - [06/Feb/2004:08:59:58 -0800] "GET /stable/www.xwt.org/demo.xwar HTTP/1.1" 200 3344 "-" "Mozilla/4.0 (compatible; MSIE 6.0; Windows NT 5.0) Opera 7.23 [en]"
66.236.220.62 - - [06/Feb/2004:09:07:49 -0800] "GET /stable/www.xwt.org/demo.xwar HTTP/1.1" 200 3344 "-" "Mozilla/4.0 (compatible; MSIE 6.0; Windows NT 5.0) Opera 7.23 [en]"
66.236.220.62 - - [06/Feb/2004:09:07:56 -0800] "GET /stable/www.xwt.org/demo.xwar HTTP/1.1" 200 3344 "-" "Mozilla/4.0 (compatible; MSIE 6.0; Windows NT 5.0) Opera 7.23 [en]"
66.236.220.62 - - [06/Feb/2004:09:09:00 -0800] "GET /stable/www.xwt.org/demo.xwar HTTP/1.1" 200 2198 "-" "Mozilla/4.0 (compatible; MSIE 6.0; Windows NT 5.0; .NET CLR 1.0.3705; .NET CLR 1.1.4322)"
66.236.220.62 - - [06/Feb/2004:09:11:03 -0800] "GET /stable/www.brianweb.net/xwt/itunes.xwar HTTP/1.1" 200 2257 "http://wiki.xwt.org/Wiki.jsp?page=XWTiTunesLookalike" "Mozilla/4.0 (compatible; MSIE 6.0; Windows NT 5.0; .NET CLR 1.0.3705; .NET CLR 1.1.4322)"
66.194.6.73 - - [06/Feb/2004:09:11:18 -0800] "GET /stable/ HTTP/1.1" 400 217 "-" "Mozilla/5.0 (compatible; Konqueror/3.1-rc6; i686 Linux; 20021117)"
66.236.220.62 - - [06/Feb/2004:09:18:19 -0800] "GET /stable/www.benshaw.com/salesdemo.xwar HTTP/1.1" 200 2207 "-" "Mozilla/4.0 (compatible; MSIE 6.0; Windows NT 5.0; .NET CLR 1.0.3705; .NET CLR 1.1.4322)"
207.190.217.10 - - [06/Feb/2004:09:19:12 -0800] "GET /stable/www.xwt.org/demo.xwar HTTP/1.0" 200 2160 "-" "Mozilla/4.0 (compatible; MSIE 6.0; Windows NT 5.1)"
207.190.217.10 - - [06/Feb/2004:09:25:26 -0800] "GET /stable/www.brianweb.net/xwt/itunes.xwar HTTP/1.0" 200 2219 "http://wiki.xwt.org/Wiki.jsp?page=XWTiTunesLookalike" "Mozilla/4.0 (compatible; MSIE 6.0; Windows NT 5.1)"
155.147.72.45 - - [06/Feb/2004:09:30:31 -0800] "GET /stable/www.xwt.org/demo.xwar HTTP/1.1" 200 2160 "-" "Mozilla/4.0 (compatible; MSIE 6.0; Windows NT 5.1)"
80.172.0.33 - - [06/Feb/2004:09:37:41 -0800] "GET /stable/www.xwt.org/demo.xwar HTTP/1.1" 200 2012 "-" "Mozilla/5.0 (Windows; U; Windows NT 5.1; en-US; rv:1.6a) Gecko/20031030"
80.172.0.33 - - [06/Feb/2004:09:37:46 -0800] "GET /stump.jar HTTP/1.1" 200 194 "-" "Java1.3.1_09"
80.172.0.33 - - [06/Feb/2004:09:37:47 -0800] "GET /shoehorn.jar HTTP/1.1" 302 70 "-" "Java1.3.1_09"
128.156.10.80 - - [06/Feb/2004:09:39:13 -0800] "GET /stable/www.benshaw.com/salesdemo.xwar HTTP/1.0" 200 2051 "-" "Mozilla/5.0 (Windows; U; Windows NT 5.0; en-US; rv:1.0.2) Gecko/20030208 Netscape/7.02"
128.156.10.80 - - [06/Feb/2004:09:39:13 -0800] "GET /favicon.ico HTTP/1.0" 404 262 "-" "Mozilla/5.0 (Windows; U; Windows NT 5.0; en-US; rv:1.0.2) Gecko/20030208 Netscape/7.02"
128.156.10.80 - - [06/Feb/2004:09:39:17 -0800] "GET /stump.jar HTTP/1.0" 200 194 "-" "Mozilla/4.0 (Windows 2000 5.0)"
128.156.10.80 - - [06/Feb/2004:09:39:17 -0800] "GET /shoehorn.jar HTTP/1.0" 302 70 "-" "Mozilla/4.0 (Windows 2000 5.0)"
128.156.10.80 - - [06/Feb/2004:09:39:42 -0800] "GET /stable/www.benshaw.com/sun/plugin/protocol/PluginProxyHandler.class HTTP/1.0" 200 2021 "-" "Mozilla/4.0 (Windows 2000 5.0)"
128.156.10.80 - - [06/Feb/2004:09:40:00 -0800] "GET /stable/www.xwt.org/demo.xwar HTTP/1.0" 200 2042 "-" "Mozilla/5.0 (Windows; U; Windows NT 5.0; en-US; rv:1.0.2) Gecko/20030208 Netscape/7.02"
128.156.10.80 - - [06/Feb/2004:09:40:01 -0800] "GET /stable/www.xwt.org/sun/plugin/protocol/PluginProxyHandler.class HTTP/1.0" 200 2017 "-" "Mozilla/4.0 (Windows 2000 5.0)"
128.156.10.80 - - [06/Feb/2004:09:40:54 -0800] "GET /stable/localhost:8080/xmlrpc/fortune.xwar HTTP/1.0" 200 2087 "http://www.xwt.org/tutorial/eclipse/" "Mozilla/5.0 (Windows; U; Windows NT 5.0; en-US; rv:1.0.2) Gecko/20030208 Netscape/7.02"
128.156.10.80 - - [06/Feb/2004:09:40:55 -0800] "GET /stable/localhost:8080/xmlrpc/sun/plugin/protocol/PluginProxyHandler.class HTTP/1.0" 200 2027 "-" "Mozilla/4.0 (Windows 2000 5.0)"
128.156.10.80 - - [06/Feb/2004:09:41:13 -0800] "GET /stable/demos/itunes-demo.xwar HTTP/1.0" 200 2043 "-" "Mozilla/5.0 (Windows; U; Windows NT 5.0; en-US; rv:1.0.2) Gecko/20030208 Netscape/7.02"
128.156.10.80 - - [06/Feb/2004:09:41:14 -0800] "GET /stable/demos/sun/plugin/protocol/PluginProxyHandler.class HTTP/1.0" 200 2011 "-" "Mozilla/4.0 (Windows 2000 5.0)"
128.156.10.80 - - [06/Feb/2004:09:42:21 -0800] "GET /stump.jar HTTP/1.0" 200 194 "-" "Mozilla/4.0 (compatible;)"
128.156.10.80 - - [06/Feb/2004:09:43:25 -0800] "GET /stable/www.xwt.org/sun/plugin/protocol/PluginProxyHandler.class HTTP/1.0" 200 2007 "-" "Mozilla/4.0 (compatible;)"
128.156.10.80 - - [06/Feb/2004:09:43:50 -0800] "GET /stable/www.benshaw.com/sun/plugin/protocol/PluginProxyHandler.class HTTP/1.0" 200 2011 "-" "Mozilla/4.0 (compatible;)"
128.156.10.80 - - [06/Feb/2004:09:43:58 -0800] "GET /stable/localhost:8080/xmlrpc/sun/plugin/protocol/PluginProxyHandler.class HTTP/1.0" 200 2017 "-" "Mozilla/4.0 (compatible;)"
128.156.10.80 - - [06/Feb/2004:09:44:22 -0800] "GET /stump.jar HTTP/1.0" 200 194 "-" "Mozilla/4.0 (compatible;)"
128.156.10.80 - - [06/Feb/2004:09:44:44 -0800] "GET /stable/demos/sun/plugin/protocol/PluginProxyHandler.class HTTP/1.0" 200 2001 "-" "Mozilla/4.0 (compatible;)"
63.193.115.113 - - [06/Feb/2004:09:45:23 -0800] "GET /stable/www.brianweb.net/xwt/itunes.xwar HTTP/1.1" 200 2249 "http://wiki.xwt.org/Wiki.jsp?page=XWTiTunesLookalike" "Mozilla/4.0 (compatible; MSIE 6.0; Windows NT 5.1; YPC 3.0.3; .NET CLR 1.1.4322)"
128.156.10.80 - - [06/Feb/2004:09:46:22 -0800] "GET /stump.jar HTTP/1.0" 200 194 "-" "Mozilla/4.0 (compatible;)"
63.193.115.113 - - [06/Feb/2004:09:47:16 -0800] "GET /stable/www.brianweb.net/xwt/itunes-demo.xwar HTTP/1.1" 200 2254 "http://wiki.xwt.org/Wiki.jsp?page=XWTiTunesLookalike" "Mozilla/4.0 (compatible; MSIE 6.0; Windows NT 5.1; YPC 3.0.3; .NET CLR 1.1.4322)"
128.156.10.80 - - [06/Feb/2004:09:47:26 -0800] "GET /stable/www.xwt.org/sun/plugin/protocol/PluginProxyHandler.class HTTP/1.0" 200 2007 "-" "Mozilla/4.0 (compatible;)"
128.156.10.80 - - [06/Feb/2004:09:47:51 -0800] "GET /stable/www.benshaw.com/sun/plugin/protocol/PluginProxyHandler.class HTTP/1.0" 200 2011 "-" "Mozilla/4.0 (compatible;)"
128.156.10.80 - - [06/Feb/2004:09:47:59 -0800] "GET /stable/localhost:8080/xmlrpc/sun/plugin/protocol/PluginProxyHandler.class HTTP/1.0" 200 2017 "-" "Mozilla/4.0 (compatible;)"
128.156.10.80 - - [06/Feb/2004:09:48:23 -0800] "GET /stump.jar HTTP/1.0" 200 194 "-" "Mozilla/4.0 (compatible;)"
128.156.10.80 - - [06/Feb/2004:09:48:45 -0800] "GET /stable/demos/sun/plugin/protocol/PluginProxyHandler.class HTTP/1.0" 200 2001 "-" "Mozilla/4.0 (compatible;)"
128.156.10.80 - - [06/Feb/2004:09:51:27 -0800] "GET /stable/www.xwt.org/sun/plugin/protocol/PluginProxyHandler.class HTTP/1.0" 200 2007 "-" "Mozilla/4.0 (compatible;)"
128.156.10.80 - - [06/Feb/2004:09:51:54 -0800] "GET /stable/www.benshaw.com/sun/plugin/protocol/PluginProxyHandler.class HTTP/1.0" 200 2011 "-" "Mozilla/4.0 (compatible;)"
128.156.10.80 - - [06/Feb/2004:09:51:59 -0800] "GET /stable/localhost:8080/xmlrpc/sun/plugin/protocol/PluginProxyHandler.class HTTP/1.0" 200 2017 "-" "Mozilla/4.0 (compatible;)"
128.156.10.80 - - [06/Feb/2004:09:52:23 -0800] "GET /stump.jar HTTP/1.0" 200 194 "-" "Mozilla/4.0 (compatible;)"
128.156.10.80 - - [06/Feb/2004:09:52:46 -0800] "GET /stable/demos/sun/plugin/protocol/PluginProxyHandler.class HTTP/1.0" 200 2001 "-" "Mozilla/4.0 (compatible;)"
128.156.10.80 - - [06/Feb/2004:09:55:27 -0800] "GET /stable/www.xwt.org/sun/plugin/protocol/PluginProxyHandler.class HTTP/1.0" 200 2007 "-" "Mozilla/4.0 (compatible;)"
128.156.10.80 - - [06/Feb/2004:09:56:00 -0800] "GET /stable/localhost:8080/xmlrpc/sun/plugin/protocol/PluginProxyHandler.class HTTP/1.0" 200 2017 "-" "Mozilla/4.0 (compatible;)"
128.156.10.80 - - [06/Feb/2004:09:56:24 -0800] "GET /stump.jar HTTP/1.0" 200 194 "-" "Mozilla/4.0 (compatible;)"
128.156.10.80 - - [06/Feb/2004:09:57:52 -0800] "GET /stable/www.benshaw.com/sun/plugin/protocol/PluginProxyHandler.class HTTP/1.0" 200 2011 "-" "Mozilla/4.0 (compatible;)"
128.156.10.80 - - [06/Feb/2004:09:58:46 -0800] "GET /stable/demos/sun/plugin/protocol/PluginProxyHandler.class HTTP/1.0" 200 2001 "-" "Mozilla/4.0 (compatible;)"
128.156.10.80 - - [06/Feb/2004:10:01:29 -0800] "GET /stable/www.xwt.org/sun/plugin/protocol/PluginProxyHandler.class HTTP/1.0" 200 2007 "-" "Mozilla/4.0 (compatible;)"
128.156.10.80 - - [06/Feb/2004:10:02:01 -0800] "GET /stable/localhost:8080/xmlrpc/sun/plugin/protocol/PluginProxyHandler.class HTTP/1.0" 200 2017 "-" "Mozilla/4.0 (compatible;)"
128.156.10.80 - - [06/Feb/2004:10:03:53 -0800] "GET /stable/www.benshaw.com/sun/plugin/protocol/PluginProxyHandler.class HTTP/1.0" 200 2011 "-" "Mozilla/4.0 (compatible;)"
128.156.10.80 - - [06/Feb/2004:10:04:25 -0800] "GET /stump.jar HTTP/1.0" 200 194 "-" "Mozilla/4.0 (compatible;)"
128.156.10.80 - - [06/Feb/2004:10:04:48 -0800] "GET /stable/demos/sun/plugin/protocol/PluginProxyHandler.class HTTP/1.0" 200 2001 "-" "Mozilla/4.0 (compatible;)"
128.156.10.80 - - [06/Feb/2004:10:09:29 -0800] "GET /stable/www.xwt.org/sun/plugin/protocol/PluginProxyHandler.class HTTP/1.0" 200 2007 "-" "Mozilla/4.0 (compatible;)"
128.156.10.80 - - [06/Feb/2004:10:10:02 -0800] "GET /stable/localhost:8080/xmlrpc/sun/plugin/protocol/PluginProxyHandler.class HTTP/1.0" 200 2017 "-" "Mozilla/4.0 (compatible;)"
128.156.10.80 - - [06/Feb/2004:10:11:56 -0800] "GET /stable/www.benshaw.com/sun/plugin/protocol/PluginProxyHandler.class HTTP/1.0" 200 2011 "-" "Mozilla/4.0 (compatible;)"
128.156.10.80 - - [06/Feb/2004:10:12:51 -0800] "GET /stable/demos/sun/plugin/protocol/PluginProxyHandler.class HTTP/1.0" 200 2001 "-" "Mozilla/4.0 (compatible;)"
128.156.10.80 - - [06/Feb/2004:10:18:27 -0800] "GET /stump.jar HTTP/1.0" 200 194 "-" "Mozilla/4.0 (compatible;)"
128.156.10.80 - - [06/Feb/2004:10:19:31 -0800] "GET /stable/www.xwt.org/sun/plugin/protocol/PluginProxyHandler.class HTTP/1.0" 200 2007 "-" "Mozilla/4.0 (compatible;)"
128.156.10.80 - - [06/Feb/2004:10:20:05 -0800] "GET /stable/localhost:8080/xmlrpc/sun/plugin/protocol/PluginProxyHandler.class HTTP/1.0" 200 2017 "-" "Mozilla/4.0 (compatible;)"
128.156.10.80 - - [06/Feb/2004:10:23:57 -0800] "GET /stable/www.benshaw.com/sun/plugin/protocol/PluginProxyHandler.class HTTP/1.0" 200 2011 "-" "Mozilla/4.0 (compatible;)"
128.156.10.80 - - [06/Feb/2004:10:24:52 -0800] "GET /stable/demos/sun/plugin/protocol/PluginProxyHandler.class HTTP/1.0" 200 2001 "-" "Mozilla/4.0 (compatible;)"
198.26.132.99 - - [06/Feb/2004:10:24:58 -0800] "GET /stable/demos/itunes-demo.xwar HTTP/1.0" 200 2011 "-" "Mozilla/5.0 (Windows; U; Windows NT 5.0; en-US; rv:1.5) Gecko/20031007"
198.26.132.101 - - [06/Feb/2004:10:25:00 -0800] "GET /stump.jar HTTP/1.0" 200 194 "-" "Mozilla/4.0 (Windows 2000 5.0) Java/1.4.2"
198.26.132.101 - - [06/Feb/2004:10:25:00 -0800] "GET /shoehorn.jar HTTP/1.0" 302 70 "-" "Mozilla/4.0 (Windows 2000 5.0) Java/1.4.2"
198.26.132.101 - - [06/Feb/2004:10:25:14 -0800] "GET /stable/demos/sun/plugin/protocol/PluginProxyHandler.class HTTP/1.0" 200 2033 "-" "Mozilla/4.0 (Windows 2000 5.0) Java/1.4.2"
198.26.132.99 - - [06/Feb/2004:10:26:58 -0800] "GET /stable/www.xwt.org/demo.xwar HTTP/1.0" 200 2010 "-" "Mozilla/5.0 (Windows; U; Windows NT 5.0; en-US; rv:1.5) Gecko/20031007"
198.26.132.99 - - [06/Feb/2004:10:26:58 -0800] "GET /stump.jar HTTP/1.0" 200 194 "-" "Mozilla/4.0 (Windows 2000 5.0) Java/1.4.2"
198.26.132.99 - - [06/Feb/2004:10:26:58 -0800] "GET /stable/www.xwt.org/sun/plugin/protocol/PluginProxyHandler.class HTTP/1.0" 200 2039 "-" "Mozilla/4.0 (Windows 2000 5.0) Java/1.4.2"
128.156.10.80 - - [06/Feb/2004:10:32:29 -0800] "GET /stump.jar HTTP/1.0" 200 194 "-" "Mozilla/4.0 (compatible;)"
24.5.118.199 - - [06/Feb/2004:10:32:53 -0800] "GET /stable/www.brianweb.net/xwt/itunes.xwar HTTP/1.1" 200 2230 "http://wiki.xwt.org/Wiki.jsp?page=XWTiTunesLookalike" "Mozilla/4.0 (compatible; MSIE 6.0; Windows NT 5.0; iOpus-I-M)"
128.156.10.80 - - [06/Feb/2004:10:33:33 -0800] "GET /stable/www.xwt.org/sun/plugin/protocol/PluginProxyHandler.class HTTP/1.0" 200 2007 "-" "Mozilla/4.0 (compatible;)"
128.156.10.80 - - [06/Feb/2004:10:34:07 -0800] "GET /stable/localhost:8080/xmlrpc/sun/plugin/protocol/PluginProxyHandler.class HTTP/1.0" 200 2017 "-" "Mozilla/4.0 (compatible;)"
24.5.118.199 - - [06/Feb/2004:10:34:29 -0800] "GET /stable/www.xwt.org/demo.xwar HTTP/1.1" 200 2171 "-" "Mozilla/4.0 (compatible; MSIE 6.0; Windows NT 5.0; iOpus-I-M)"
128.156.10.80 - - [06/Feb/2004:10:37:59 -0800] "GET /stable/www.benshaw.com/sun/plugin/protocol/PluginProxyHandler.class HTTP/1.0" 200 2011 "-" "Mozilla/4.0 (compatible;)"
24.5.118.199 - - [06/Feb/2004:10:38:12 -0800] "GET /stable/www.xwt.org/demo.xwar HTTP/1.1" 200 2171 "-" "Mozilla/4.0 (compatible; MSIE 6.0; Windows NT 5.0; iOpus-I-M)"
128.156.10.80 - - [06/Feb/2004:10:38:54 -0800] "GET /stable/demos/sun/plugin/protocol/PluginProxyHandler.class HTTP/1.0" 200 2001 "-" "Mozilla/4.0 (compatible;)"
128.156.10.80 - - [06/Feb/2004:10:51:39 -0800] "GET /stable/www.xwt.org/sun/plugin/protocol/PluginProxyHandler.class HTTP/1.0" 200 2007 "-" "Mozilla/4.0 (compatible;)"
128.156.10.80 - - [06/Feb/2004:10:52:10 -0800] "GET /stable/localhost:8080/xmlrpc/sun/plugin/protocol/PluginProxyHandler.class HTTP/1.0" 200 2017 "-" "Mozilla/4.0 (compatible;)"
64.241.242.18 - - [06/Feb/2004:10:56:41 -0800] "GET /robots.txt HTTP/1.1" 404 259 "-" "Mozilla/4.0 (compatible; grub-client-1.5.3; Crawl your own stuff with http://grub.org)"
128.156.10.80 - - [06/Feb/2004:10:58:03 -0800] "GET /stable/www.benshaw.com/sun/plugin/protocol/PluginProxyHandler.class HTTP/1.0" 200 2011 "-" "Mozilla/4.0 (compatible;)"
128.156.10.80 - - [06/Feb/2004:10:58:58 -0800] "GET /stable/demos/sun/plugin/protocol/PluginProxyHandler.class HTTP/1.0" 200 2001 "-" "Mozilla/4.0 (compatible;)"
128.156.10.80 - - [06/Feb/2004:11:00:34 -0800] "GET /stump.jar HTTP/1.0" 200 194 "-" "Mozilla/4.0 (compatible;)"
24.5.118.199 - - [06/Feb/2004:11:03:49 -0800] "GET /stable/www.benshaw.com/salesdemo.xwar HTTP/1.1" 200 2180 "-" "Mozilla/4.0 (compatible; MSIE 6.0; Windows NT 5.0; iOpus-I-M)"
24.145.236.182 - - [06/Feb/2004:11:09:05 -0800] "GET /aftinc.net/demo.xwar HTTP/1.1" 400 361 "http://aftinc.net/test.html" "Mozilla/5.0 (Windows; U; Windows NT 5.1; en-US; rv:1.6) Gecko/20040113"
24.145.236.182 - - [06/Feb/2004:11:09:22 -0800] "GET /stable/aftinc.net/demo.xwar HTTP/1.1" 200 2009 "-" "Mozilla/5.0 (Windows; U; Windows NT 5.1; en-US; rv:1.6) Gecko/20040113"
24.145.236.182 - - [06/Feb/2004:11:11:05 -0800] "GET /stable/www.xwt.org/demo.xwar HTTP/1.1" 200 2010 "-" "Mozilla/5.0 (Windows; U; Windows NT 5.1; en-US; rv:1.6) Gecko/20040113"
67.114.19.186 - - [06/Feb/2004:11:12:02 -0800] "GET /stable/www.xwt.org/demo.xwar HTTP/1.1" 200 2074 "-" "Mozilla/5.0 (Windows; U; Windows NT 5.1; en-US; rv:1.5) Gecko/20031007 Firebird/0.6.1 StumbleUpon/1.79"
67.114.19.186 - - [06/Feb/2004:11:12:07 -0800] "GET /favicon.ico HTTP/1.1" 404 262 "-" "Mozilla/5.0 (Windows; U; Windows NT 5.1; en-US; rv:1.5) Gecko/20031007 Firebird/0.6.1 StumbleUpon/1.79"
67.114.19.186 - - [06/Feb/2004:11:12:09 -0800] "GET /stump.jar HTTP/1.1" 200 194 "-" "Mozilla/4.0 (Windows XP 5.1) Java/1.4.2"
67.114.19.186 - - [06/Feb/2004:11:12:09 -0800] "GET /stump.jar HTTP/1.1" 200 194 "-" "Mozilla/4.0 (Windows XP 5.1) Java/1.4.2"
67.114.19.186 - - [06/Feb/2004:11:12:09 -0800] "GET /shoehorn.jar HTTP/1.1" 302 70 "-" "Mozilla/4.0 (Windows XP 5.1) Java/1.4.2"
217.44.66.32 - - [06/Feb/2004:11:12:13 -0800] "GET /stable/xwt.org/xwar/sampler-0.5pre3.xwar HTTP/1.1" 200 2051 "http://www.xwt.org/" "Mozilla/5.0 (X11; U; Linux i686; en-US; rv:1.6) Gecko/20040117 Epiphany/1.0.7"
217.44.66.32 - - [06/Feb/2004:11:12:14 -0800] "GET /stump.jar HTTP/1.1" 200 194 "-" "Mozilla/4.0 (Linux 2.6.2-rc2-love4) Java/1.4.2-gentoo"
217.44.66.32 - - [06/Feb/2004:11:12:15 -0800] "GET /stump.jar HTTP/1.1" 200 194 "-" "Mozilla/4.0 (Linux 2.6.2-rc2-love4) Java/1.4.2-gentoo"
217.44.66.32 - - [06/Feb/2004:11:12:16 -0800] "GET /shoehorn.jar HTTP/1.1" 302 70 "-" "Mozilla/4.0 (Linux 2.6.2-rc2-love4) Java/1.4.2-gentoo"
67.114.19.186 - - [06/Feb/2004:11:12:18 -0800] "GET /stable/www.xwt.org/sun/plugin/protocol/PluginProxyHandler.class HTTP/1.1" 200 2035 "-" "Mozilla/4.0 (Windows XP 5.1) Java/1.4.2"
67.114.19.186 - - [06/Feb/2004:11:12:18 -0800] "GET /stable/www.xwt.org/sun/plugin/protocol/PluginProxyHandler.class HTTP/1.1" 200 2035 "-" "Mozilla/4.0 (Windows XP 5.1) Java/1.4.2"
217.44.66.32 - - [06/Feb/2004:11:12:21 -0800] "GET /stable/xwt.org/xwar/sun/plugin/protocol/PluginProxyHandler.class HTTP/1.1" 200 2064 "-" "Mozilla/4.0 (Linux 2.6.2-rc2-love4) Java/1.4.2-gentoo"
217.44.66.32 - - [06/Feb/2004:11:12:22 -0800] "GET /stable/xwt.org/xwar/sun/plugin/protocol/PluginProxyHandler.class HTTP/1.1" 200 2064 "-" "Mozilla/4.0 (Linux 2.6.2-rc2-love4) Java/1.4.2-gentoo"
67.114.19.186 - - [06/Feb/2004:11:12:34 -0800] "GET /stable/demos/itunes-demo.xwar HTTP/1.1" 200 2075 "-" "Mozilla/5.0 (Windows; U; Windows NT 5.1; en-US; rv:1.5) Gecko/20031007 Firebird/0.6.1 StumbleUpon/1.79"
67.114.19.186 - - [06/Feb/2004:11:12:34 -0800] "GET /stump.jar HTTP/1.1" 200 194 "-" "Mozilla/4.0 (Windows XP 5.1) Java/1.4.2"
217.44.66.32 - - [06/Feb/2004:11:12:34 -0800] "GET /stable/www.xwt.org/xwar/sampler-0.5pre3.xwar HTTP/1.1" 200 2040 "-" "Mozilla/5.0 (X11; U; Linux i686; en-US; rv:1.6) Gecko/20040117 Epiphany/1.0.7"
217.44.66.32 - - [06/Feb/2004:11:12:35 -0800] "GET /stump.jar HTTP/1.1" 200 194 "-" "Mozilla/4.0 (Linux 2.6.2-rc2-love4) Java/1.4.2-gentoo"
67.114.19.186 - - [06/Feb/2004:11:12:37 -0800] "GET /stable/demos/sun/plugin/protocol/PluginProxyHandler.class HTTP/1.1" 200 2029 "-" "Mozilla/4.0 (Windows XP 5.1) Java/1.4.2"
67.114.19.186 - - [06/Feb/2004:11:12:37 -0800] "GET /stable/demos/sun/plugin/protocol/PluginProxyHandler.class HTTP/1.1" 200 2029 "-" "Mozilla/4.0 (Windows XP 5.1) Java/1.4.2"
217.44.66.32 - - [06/Feb/2004:11:12:38 -0800] "GET /stable/www.xwt.org/xwar/sun/plugin/protocol/PluginProxyHandler.class HTTP/1.1" 200 2068 "-" "Mozilla/4.0 (Linux 2.6.2-rc2-love4) Java/1.4.2-gentoo"
217.44.66.32 - - [06/Feb/2004:11:12:38 -0800] "GET /stable/www.xwt.org/xwar/sun/plugin/protocol/PluginProxyHandler.class HTTP/1.1" 200 2068 "-" "Mozilla/4.0 (Linux 2.6.2-rc2-love4) Java/1.4.2-gentoo"
67.114.19.186 - - [06/Feb/2004:11:13:22 -0800] "GET /stable/www.xwt.org/demo.xwar HTTP/1.1" 200 2221 "-" "Mozilla/4.0 (compatible; MSIE 6.0; Windows NT 5.1; StumbleUpon.com 1.732; .NET CLR 1.1.4322; .NET CLR 1.0.3705)"
24.145.236.182 - - [06/Feb/2004:11:14:36 -0800] "GET /stable/aftinc.net/test/demo.xwar HTTP/1.1" 200 2037 "http://aftinc.net/test.html" "Mozilla/5.0 (Windows; U; Windows NT 5.1; en-US; rv:1.6) Gecko/20040113"
128.156.10.80 - - [06/Feb/2004:11:15:40 -0800] "GET /stable/www.xwt.org/sun/plugin/protocol/PluginProxyHandler.class HTTP/1.0" 200 2007 "-" "Mozilla/4.0 (compatible;)"
128.156.10.80 - - [06/Feb/2004:11:16:13 -0800] "GET /stable/localhost:8080/xmlrpc/sun/plugin/protocol/PluginProxyHandler.class HTTP/1.0" 200 2017 "-" "Mozilla/4.0 (compatible;)"
24.145.236.182 - - [06/Feb/2004:11:16:21 -0800] "GET /stable/aftinc.net/test/itunes-demo.xwar HTTP/1.1" 200 2044 "http://aftinc.net/test.html" "Mozilla/5.0 (Windows; U; Windows NT 5.1; en-US; rv:1.6) Gecko/20040113"
128.156.10.80 - - [06/Feb/2004:11:24:08 -0800] "GET /stable/www.benshaw.com/sun/plugin/protocol/PluginProxyHandler.class HTTP/1.0" 200 2011 "-" "Mozilla/4.0 (compatible;)"
128.156.10.80 - - [06/Feb/2004:11:25:00 -0800] "GET /stable/demos/sun/plugin/protocol/PluginProxyHandler.class HTTP/1.0" 200 2001 "-" "Mozilla/4.0 (compatible;)"
128.156.10.80 - - [06/Feb/2004:11:28:38 -0800] "GET /stump.jar HTTP/1.0" 200 194 "-" "Mozilla/4.0 (compatible;)"
128.156.10.80 - - [06/Feb/2004:11:47:49 -0800] "GET /stable/www.xwt.org/sun/plugin/protocol/PluginProxyHandler.class HTTP/1.0" 200 2007 "-" "Mozilla/4.0 (compatible;)"
128.156.10.80 - - [06/Feb/2004:11:48:19 -0800] "GET /stable/localhost:8080/xmlrpc/sun/plugin/protocol/PluginProxyHandler.class HTTP/1.0" 200 2017 "-" "Mozilla/4.0 (compatible;)"
128.156.10.80 - - [06/Feb/2004:11:58:11 -0800] "GET /stable/www.benshaw.com/sun/plugin/protocol/PluginProxyHandler.class HTTP/1.0" 200 2011 "-" "Mozilla/4.0 (compatible;)"
128.156.10.80 - - [06/Feb/2004:11:59:07 -0800] "GET /stable/demos/sun/plugin/protocol/PluginProxyHandler.class HTTP/1.0" 200 2001 "-" "Mozilla/4.0 (compatible;)"
128.156.10.80 - - [06/Feb/2004:12:22:47 -0800] "GET /stump.jar HTTP/1.0" 200 194 "-" "Mozilla/4.0 (compatible;)"
128.156.10.80 - - [06/Feb/2004:12:29:52 -0800] "GET /stable/www.xwt.org/sun/plugin/protocol/PluginProxyHandler.class HTTP/1.0" 200 2007 "-" "Mozilla/4.0 (compatible;)"
128.156.10.80 - - [06/Feb/2004:12:30:25 -0800] "GET /stable/localhost:8080/xmlrpc/sun/plugin/protocol/PluginProxyHandler.class HTTP/1.0" 200 2017 "-" "Mozilla/4.0 (compatible;)"
128.156.10.80 - - [06/Feb/2004:12:42:18 -0800] "GET /stable/www.benshaw.com/sun/plugin/protocol/PluginProxyHandler.class HTTP/1.0" 200 2011 "-" "Mozilla/4.0 (compatible;)"
128.156.10.80 - - [06/Feb/2004:12:43:13 -0800] "GET /stable/demos/sun/plugin/protocol/PluginProxyHandler.class HTTP/1.0" 200 2001 "-" "Mozilla/4.0 (compatible;)"
128.156.10.80 - - [06/Feb/2004:13:24:00 -0800] "GET /stable/www.xwt.org/sun/plugin/protocol/PluginProxyHandler.class HTTP/1.0" 200 2007 "-" "Mozilla/4.0 (compatible;)"
128.156.10.80 - - [06/Feb/2004:13:24:33 -0800] "GET /stable/localhost:8080/xmlrpc/sun/plugin/protocol/PluginProxyHandler.class HTTP/1.0" 200 2017 "-" "Mozilla/4.0 (compatible;)"
128.156.10.80 - - [06/Feb/2004:13:41:22 -0800] "GET /stable/demos/sun/plugin/protocol/PluginProxyHandler.class HTTP/1.0" 200 2001 "-" "Mozilla/4.0 (compatible;)"
200.242.202.54 - - [06/Feb/2004:13:53:37 -0800] "GET /stable/xwt.org/xwar/sampler-0.5pre3.xwar HTTP/1.1" 200 2063 "http://www.xwt.org/" "Mozilla/5.0 (Windows; U; Windows NT 5.0; en-US; rv:1.5) Gecko/20031007 Firebird/0.7"
200.242.202.54 - - [06/Feb/2004:13:53:45 -0800] "GET /favicon.ico HTTP/1.1" 404 262 "-" "Mozilla/5.0 (Windows; U; Windows NT 5.0; en-US; rv:1.5) Gecko/20031007 Firebird/0.7"
200.242.202.54 - - [06/Feb/2004:13:53:46 -0800] "GET /stump.jar HTTP/1.1" 200 194 "-" "Mozilla/4.0 (Windows 2000 5.0) Java/1.4.2_03"
200.242.202.54 - - [06/Feb/2004:13:53:47 -0800] "GET /stump.jar HTTP/1.1" 200 194 "-" "Mozilla/4.0 (Windows 2000 5.0) Java/1.4.2_03"
200.242.202.54 - - [06/Feb/2004:13:53:47 -0800] "GET /shoehorn.jar HTTP/1.1" 302 70 "-" "Mozilla/4.0 (Windows 2000 5.0) Java/1.4.2_03"
200.242.202.54 - - [06/Feb/2004:13:54:19 -0800] "GET /stable/xwt.org/xwar/sun/plugin/protocol/PluginProxyHandler.class HTTP/1.1" 200 2046 "-" "Mozilla/4.0 (Windows 2000 5.0) Java/1.4.2_03"
200.242.202.54 - - [06/Feb/2004:13:54:19 -0800] "GET /stable/xwt.org/xwar/sun/plugin/protocol/PluginProxyHandler.class HTTP/1.1" 200 2046 "-" "Mozilla/4.0 (Windows 2000 5.0) Java/1.4.2_03"
128.156.10.80 - - [06/Feb/2004:14:09:04 -0800] "GET /stump.jar HTTP/1.0" 200 194 "-" "Mozilla/4.0 (compatible;)"
192.31.106.34 - - [06/Feb/2004:14:33:24 -0800] "GET /stable/www.xwt.org/demo.xwar HTTP/1.0" 200 2169 "-" "Mozilla/4.0 (compatible; MSIE 6.0; Windows NT 5.0; T312461)"
128.156.10.80 - - [06/Feb/2004:14:34:12 -0800] "GET /stable/www.xwt.org/sun/plugin/protocol/PluginProxyHandler.class HTTP/1.0" 200 2007 "-" "Mozilla/4.0 (compatible;)"
128.156.10.80 - - [06/Feb/2004:14:34:45 -0800] "GET /stable/localhost:8080/xmlrpc/sun/plugin/protocol/PluginProxyHandler.class HTTP/1.0" 200 2017 "-" "Mozilla/4.0 (compatible;)"
128.156.10.80 - - [06/Feb/2004:14:57:34 -0800] "GET /stable/demos/sun/plugin/protocol/PluginProxyHandler.class HTTP/1.0" 200 2001 "-" "Mozilla/4.0 (compatible;)"
128.156.10.80 - - [06/Feb/2004:14:58:40 -0800] "GET /stable/www.benshaw.com/sun/plugin/protocol/PluginProxyHandler.class HTTP/1.0" 200 2011 "-" "Mozilla/4.0 (compatible;)"
128.156.10.80 - - [06/Feb/2004:15:55:20 -0800] "GET /stump.jar HTTP/1.0" 200 194 "-" "Mozilla/4.0 (compatible;)"
128.156.10.80 - - [06/Feb/2004:16:06:27 -0800] "GET /stable/www.xwt.org/sun/plugin/protocol/PluginProxyHandler.class HTTP/1.0" 200 2007 "-" "Mozilla/4.0 (compatible;)"
128.156.10.80 - - [06/Feb/2004:16:06:59 -0800] "GET /stable/localhost:8080/xmlrpc/sun/plugin/protocol/PluginProxyHandler.class HTTP/1.0" 200 2017 "-" "Mozilla/4.0 (compatible;)"
128.156.10.80 - - [06/Feb/2004:16:37:51 -0800] "GET /stable/demos/sun/plugin/protocol/PluginProxyHandler.class HTTP/1.0" 200 2001 "-" "Mozilla/4.0 (compatible;)"
128.156.10.80 - - [06/Feb/2004:16:38:56 -0800] "GET /stable/www.benshaw.com/sun/plugin/protocol/PluginProxyHandler.class HTTP/1.0" 200 2011 "-" "Mozilla/4.0 (compatible;)"
66.196.65.39 - - [06/Feb/2004:17:00:50 -0800] "GET /robots.txt HTTP/1.0" 404 259 "-" "Mozilla/5.0 (Slurp/si; slurp@inktomi.com; http://www.inktomi.com/slurp.html)"
66.196.72.40 - - [06/Feb/2004:17:00:56 -0800] "GET /stable/homes.jcu.edu.au/~jc125751/apps/xwt/demo.xwar HTTP/1.0" 200 2048 "-" "Mozilla/5.0 (Slurp/cat; slurp@inktomi.com; http://www.inktomi.com/slurp.html)"
66.136.202.111 - - [06/Feb/2004:17:16:08 -0800] "GET /stable/www.xwt.org/demo.xwar HTTP/1.1" 200 2229 "-" "Mozilla/4.0 (compatible; MSIE 6.0; Windows NT 5.1; Q312461; NetCaptor 7.5.0 Gold; .NET CLR 1.0.3705; .NET CLR 1.1.4322)"
66.136.202.111 - - [06/Feb/2004:17:16:08 -0800] "GET /favicon.ico HTTP/1.1" 404 1104 "-" "Mozilla/4.0 (compatible; MSIE 6.0; Windows NT 5.1; Q312461; NetCaptor 7.5.0 Gold; .NET CLR 1.0.3705; .NET CLR 1.1.4322)"
66.136.202.111 - - [06/Feb/2004:17:17:16 -0800] "GET /stable/www.brianweb.net/xwt/itunes.xwar HTTP/1.1" 200 2288 "http://wiki.xwt.org/Wiki.jsp?page=XWTiTunesLookalike" "Mozilla/4.0 (compatible; MSIE 6.0; Windows NT 5.1; Q312461; NetCaptor 7.5.0 Gold; .NET CLR 1.0.3705; .NET CLR 1.1.4322)"
66.136.202.111 - - [06/Feb/2004:17:18:14 -0800] "GET /stable/www.brianweb.net/xwt/itunes-demo.xwar HTTP/1.1" 200 2293 "http://wiki.xwt.org/Wiki.jsp?page=XWTiTunesLookalike" "Mozilla/4.0 (compatible; MSIE 6.0; Windows NT 5.1; Q312461; NetCaptor 7.5.0 Gold; .NET CLR 1.0.3705; .NET CLR 1.1.4322)"
216.78.148.18 - - [06/Feb/2004:17:22:57 -0800] "GET /stable/les3z.dns2go.org/xwt-apps/ttt.xwar HTTP/1.1" 200 2182 "-" "Mozilla/4.0 (compatible; MSIE 5.5; Windows NT 5.0; H010818)"
216.78.148.18 - - [06/Feb/2004:17:24:04 -0800] "GET /stable/les3z.dns2go.com/xwt-apps/ttt.xwar HTTP/1.1" 200 2182 "-" "Mozilla/4.0 (compatible; MSIE 5.5; Windows NT 5.0; H010818)"
216.78.148.18 - - [06/Feb/2004:17:24:15 -0800] "GET /stable/les3z.dns2go.com/xwt-apps/ttt.xwar HTTP/1.1" 200 2182 "-" "Mozilla/4.0 (compatible; MSIE 5.5; Windows NT 5.0; H010818)"
216.78.148.18 - - [06/Feb/2004:17:26:13 -0800] "GET /stable/les3z.dns2go.com/xwt-apps/ttt.xwar HTTP/1.1" 200 2182 "-" "Mozilla/4.0 (compatible; MSIE 5.5; Windows NT 5.0; H010818)"
216.78.148.18 - - [06/Feb/2004:17:27:18 -0800] "GET /stable/les3z.dns2go.com/xwt-apps/ttt.xwar HTTP/1.1" 200 2182 "-" "Mozilla/4.0 (compatible; MSIE 5.5; Windows NT 5.0; H010818)"
216.78.148.18 - - [06/Feb/2004:17:28:55 -0800] "GET /stable/les3z.dns2go.com/xwt-apps/ttt.xwar HTTP/1.1" 200 2182 "-" "Mozilla/4.0 (compatible; MSIE 5.5; Windows NT 5.0; H010818)"
216.78.148.18 - - [06/Feb/2004:17:30:09 -0800] "GET /stable/les3z.dns2go.com/xwt-apps/ttt.xwar HTTP/1.1" 200 2182 "-" "Mozilla/4.0 (compatible; MSIE 5.5; Windows NT 5.0; H010818)"
24.28.35.172 - - [06/Feb/2004:17:35:46 -0800] "GET /stable/www.xwt.org/demo.xwar HTTP/1.1" 200 2036 "-" "Mozilla/5.0 (Windows; U; Windows NT 5.0; en-US; rv:1.5) Gecko/20031007 Firebird/0.7"
24.28.35.172 - - [06/Feb/2004:17:35:52 -0800] "GET /favicon.ico HTTP/1.1" 404 262 "-" "Mozilla/5.0 (Windows; U; Windows NT 5.0; en-US; rv:1.5) Gecko/20031007 Firebird/0.7"
24.28.35.172 - - [06/Feb/2004:17:35:53 -0800] "GET /stump.jar HTTP/1.1" 200 194 "-" "Mozilla/4.0 (Windows 2000 5.0) Java/1.4.1_02"
24.28.35.172 - - [06/Feb/2004:17:35:53 -0800] "GET /stump.jar HTTP/1.1" 200 194 "-" "Mozilla/4.0 (Windows 2000 5.0) Java/1.4.1_02"
24.28.35.172 - - [06/Feb/2004:17:35:54 -0800] "GET /shoehorn.jar HTTP/1.1" 302 70 "-" "Mozilla/4.0 (Windows 2000 5.0) Java/1.4.1_02"
24.28.35.172 - - [06/Feb/2004:17:36:10 -0800] "GET /stable/www.xwt.org/sun/plugin/protocol/PluginProxyHandler.class HTTP/1.1" 200 2045 "-" "Mozilla/4.0 (Windows 2000 5.0) Java/1.4.1_02"
24.28.35.172 - - [06/Feb/2004:17:36:10 -0800] "GET /stable/www.xwt.org/sun/plugin/protocol/PluginProxyHandler.class HTTP/1.1" 200 2045 "-" "Mozilla/4.0 (Windows 2000 5.0) Java/1.4.1_02"
24.28.35.172 - - [06/Feb/2004:17:38:38 -0800] "GET /stable/demos/itunes-demo.xwar HTTP/1.1" 200 2037 "-" "Mozilla/5.0 (Windows; U; Windows NT 5.0; en-US; rv:1.5) Gecko/20031007 Firebird/0.7"
24.28.35.172 - - [06/Feb/2004:17:38:39 -0800] "GET /stump.jar HTTP/1.1" 200 194 "-" "Mozilla/4.0 (Windows 2000 5.0) Java/1.4.1_02"
24.28.35.172 - - [06/Feb/2004:17:38:39 -0800] "GET /stable/demos/sun/plugin/protocol/PluginProxyHandler.class HTTP/1.1" 200 2039 "-" "Mozilla/4.0 (Windows 2000 5.0) Java/1.4.1_02"
24.28.35.172 - - [06/Feb/2004:17:38:40 -0800] "GET /stable/demos/sun/plugin/protocol/PluginProxyHandler.class HTTP/1.1" 200 2039 "-" "Mozilla/4.0 (Windows 2000 5.0) Java/1.4.1_02"
24.28.35.172 - - [06/Feb/2004:17:39:12 -0800] "GET /stable/demos/itunes-demo.xwar HTTP/1.1" 200 2037 "-" "Mozilla/5.0 (Windows; U; Windows NT 5.0; en-US; rv:1.5) Gecko/20031007 Firebird/0.7"
24.28.35.172 - - [06/Feb/2004:17:39:12 -0800] "GET /stable/demos/sun/plugin/protocol/PluginProxyHandler.class HTTP/1.1" 200 2039 "-" "Mozilla/4.0 (Windows 2000 5.0) Java/1.4.1_02"
24.28.35.172 - - [06/Feb/2004:17:39:13 -0800] "GET /stable/demos/sun/plugin/protocol/PluginProxyHandler.class HTTP/1.1" 200 2039 "-" "Mozilla/4.0 (Windows 2000 5.0) Java/1.4.1_02"
216.78.148.18 - - [06/Feb/2004:17:40:22 -0800] "GET /stable/les3z.dns2go.com/xwt-apps/demo.xwar HTTP/1.1" 200 2183 "-" "Mozilla/4.0 (compatible; MSIE 5.5; Windows NT 5.0; H010818)"
216.78.148.18 - - [06/Feb/2004:17:43:46 -0800] "GET /stable/les3z.dns2go.com/xwt-apps/sampler-0.5pre3.xwar.xwar HTTP/1.1" 200 2199 "-" "Mozilla/4.0 (compatible; MSIE 5.5; Windows NT 5.0; H010818)"
216.78.148.18 - - [06/Feb/2004:17:44:19 -0800] "GET /stable/les3z.dns2go.com/xwt-apps/sampler-0.5pre3.xwar HTTP/1.1" 200 2194 "-" "Mozilla/4.0 (compatible; MSIE 5.5; Windows NT 5.0; H010818)"
216.78.148.18 - - [06/Feb/2004:17:52:14 -0800] "GET /stable/les3z.dns2go.com/xwt-apps/add.xwar HTTP/1.1" 200 2182 "-" "Mozilla/4.0 (compatible; MSIE 5.5; Windows NT 5.0; H010818)"
216.78.148.18 - - [06/Feb/2004:17:54:44 -0800] "GET /stable/les3z.dns2go.com/xwt-apps/add.xwar HTTP/1.1" 200 2182 "-" "Mozilla/4.0 (compatible; MSIE 5.5; Windows NT 5.0; H010818)"
216.78.148.18 - - [06/Feb/2004:17:55:33 -0800] "GET /stable/les3z.dns2go.com/xwt-apps/add.xwar HTTP/1.1" 200 2182 "-" "Mozilla/4.0 (compatible; MSIE 5.5; Windows NT 5.0; H010818)"
216.78.148.18 - - [06/Feb/2004:17:57:38 -0800] "GET /stable/les3z.dns2go.com/xwt-apps/add.xwar HTTP/1.1" 200 2182 "-" "Mozilla/4.0 (compatible; MSIE 5.5; Windows NT 5.0; H010818)"
216.78.148.18 - - [06/Feb/2004:18:05:27 -0800] "GET /stable/les3z.dns2go.com/xwt-apps/add.xwar HTTP/1.1" 200 2182 "-" "Mozilla/4.0 (compatible; MSIE 5.5; Windows NT 5.0; H010818)"
216.78.148.18 - - [06/Feb/2004:18:06:11 -0800] "GET /stable/les3z.dns2go.com/xwt-apps/add.xwar HTTP/1.1" 200 2182 "-" "Mozilla/4.0 (compatible; MSIE 5.5; Windows NT 5.0; H010818)"
216.78.148.18 - - [06/Feb/2004:18:08:36 -0800] "GET /stable/les3z.dns2go.com/xwt-apps/add.xwar HTTP/1.1" 200 2182 "-" "Mozilla/4.0 (compatible; MSIE 5.5; Windows NT 5.0; H010818)"
128.156.10.80 - - [06/Feb/2004:18:08:45 -0800] "GET /stable/www.xwt.org/sun/plugin/protocol/PluginProxyHandler.class HTTP/1.0" 200 2007 "-" "Mozilla/4.0 (compatible;)"
216.78.148.18 - - [06/Feb/2004:18:08:57 -0800] "GET /stable/les3z.dns2go.com/xwt-apps/add.xwar HTTP/1.1" 200 2182 "-" "Mozilla/4.0 (compatible; MSIE 5.5; Windows NT 5.0; H010818)"
128.156.10.80 - - [06/Feb/2004:18:09:19 -0800] "GET /stable/localhost:8080/xmlrpc/sun/plugin/protocol/PluginProxyHandler.class HTTP/1.0" 200 2017 "-" "Mozilla/4.0 (compatible;)"
216.78.148.18 - - [06/Feb/2004:18:10:09 -0800] "GET /stable/les3z.dns2go.com/xwt-apps/add.xwar HTTP/1.1" 200 2182 "-" "Mozilla/4.0 (compatible; MSIE 5.5; Windows NT 5.0; H010818)"
216.78.148.18 - - [06/Feb/2004:18:17:46 -0800] "GET /stable/les3z.dns2go.com/xwt-apps/add.xwar HTTP/1.1" 200 2182 "-" "Mozilla/4.0 (compatible; MSIE 5.5; Windows NT 5.0; H010818)"
216.78.148.18 - - [06/Feb/2004:18:18:33 -0800] "GET /stable/les3z.dns2go.com/xwt-apps/add.xwar HTTP/1.1" 200 2182 "-" "Mozilla/4.0 (compatible; MSIE 5.5; Windows NT 5.0; H010818)"
216.78.148.18 - - [06/Feb/2004:18:18:52 -0800] "GET /stable/les3z.dns2go.com/xwt-apps/add.xwar HTTP/1.1" 200 2182 "-" "Mozilla/4.0 (compatible; MSIE 5.5; Windows NT 5.0; H010818)"
216.78.148.18 - - [06/Feb/2004:18:19:56 -0800] "GET /stable/les3z.dns2go.com/xwt-apps/add.xwar HTTP/1.1" 200 2182 "-" "Mozilla/4.0 (compatible; MSIE 5.5; Windows NT 5.0; H010818)"
216.78.148.18 - - [06/Feb/2004:18:33:54 -0800] "GET /stable/les3z.dns2go.com/xwt-apps/add.xwar HTTP/1.1" 200 2182 "-" "Mozilla/4.0 (compatible; MSIE 5.5; Windows NT 5.0; H010818)"
128.156.10.80 - - [06/Feb/2004:18:48:10 -0800] "GET /stable/demos/sun/plugin/protocol/PluginProxyHandler.class HTTP/1.0" 200 2001 "-" "Mozilla/4.0 (compatible;)"
128.156.10.80 - - [06/Feb/2004:18:49:17 -0800] "GET /stable/www.benshaw.com/sun/plugin/protocol/PluginProxyHandler.class HTTP/1.0" 200 2011 "-" "Mozilla/4.0 (compatible;)"
219.133.7.214 - - [06/Feb/2004:19:14:05 -0800] "GET /stable/xwt.org/xwar/sampler-0.5pre3.xwar HTTP/1.0" 200 2187 "http://www.xwt.org/" "Mozilla/4.0 (compatible; MSIE 6.0; Windows NT 5.0)"
219.133.7.214 - - [06/Feb/2004:19:16:53 -0800] "GET /stable/localhost:8080/xmlrpc/fortune.xwar HTTP/1.0" 200 2205 "http://www.xwt.org/tutorial/eclipse/" "Mozilla/4.0 (compatible; MSIE 6.0; Windows NT 5.0)"
168.226.154.151 - - [06/Feb/2004:19:17:53 -0800] "GET /stable/xwt.org/xwar/sampler-0.5pre3.xwar HTTP/1.1" 200 2187 "http://www.xwt.org/" "Mozilla/4.0 (compatible; MSIE 6.0; Windows NT 5.1)"
128.156.10.80 - - [06/Feb/2004:19:25:54 -0800] "GET /stump.jar HTTP/1.0" 200 194 "-" "Mozilla/4.0 (compatible;)"
65.54.188.30 - - [06/Feb/2004:19:33:56 -0800] "GET /robots.txt HTTP/1.0" 404 259 "-" "msnbot/0.11 (+http://search.msn.com/msnbot.htm)"
65.54.188.30 - - [06/Feb/2004:19:33:56 -0800] "GET /stable/xwt.org/xwar/sampler-0.5pre3.xwar HTTP/1.0" 200 1976 "-" "msnbot/0.11 (+http://search.msn.com/msnbot.htm)"
68.69.168.228 - - [06/Feb/2004:19:41:15 -0800] "GET /stable/www.xwt.org/demo.xwar HTTP/1.1" 200 2010 "-" "Mozilla/5.0 (Windows; U; Windows NT 5.0; en-US; rv:1.5) Gecko/20031007"
68.69.168.228 - - [06/Feb/2004:19:41:23 -0800] "GET /stump.jar HTTP/1.1" 200 194 "-" "Mozilla/4.0 (Windows 2000 5.0) Java/1.4.1_01"
68.69.168.228 - - [06/Feb/2004:19:41:24 -0800] "GET /stump.jar HTTP/1.1" 200 194 "-" "Mozilla/4.0 (Windows 2000 5.0) Java/1.4.1_01"
68.69.168.228 - - [06/Feb/2004:19:41:24 -0800] "GET /shoehorn.jar HTTP/1.1" 302 70 "-" "Mozilla/4.0 (Windows 2000 5.0) Java/1.4.1_01"
68.69.168.228 - - [06/Feb/2004:19:41:58 -0800] "GET /stable/www.xwt.org/sun/plugin/protocol/PluginProxyHandler.class HTTP/1.1" 200 2045 "-" "Mozilla/4.0 (Windows 2000 5.0) Java/1.4.1_01"
68.69.168.228 - - [06/Feb/2004:19:41:58 -0800] "GET /stable/www.xwt.org/sun/plugin/protocol/PluginProxyHandler.class HTTP/1.1" 200 2045 "-" "Mozilla/4.0 (Windows 2000 5.0) Java/1.4.1_01"
68.69.168.228 - - [06/Feb/2004:19:45:06 -0800] "GET /stable/demos/itunes-demo.xwar HTTP/1.1" 200 2011 "-" "Mozilla/5.0 (Windows; U; Windows NT 5.0; en-US; rv:1.5) Gecko/20031007"
68.69.168.228 - - [06/Feb/2004:19:45:06 -0800] "GET /stump.jar HTTP/1.1" 200 194 "-" "Mozilla/4.0 (Windows 2000 5.0) Java/1.4.1_01"
68.69.168.228 - - [06/Feb/2004:19:45:07 -0800] "GET /stable/demos/sun/plugin/protocol/PluginProxyHandler.class HTTP/1.1" 200 2039 "-" "Mozilla/4.0 (Windows 2000 5.0) Java/1.4.1_01"
68.69.168.228 - - [06/Feb/2004:19:45:07 -0800] "GET /stable/demos/sun/plugin/protocol/PluginProxyHandler.class HTTP/1.1" 200 2039 "-" "Mozilla/4.0 (Windows 2000 5.0) Java/1.4.1_01"
24.188.202.63 - - [06/Feb/2004:19:45:58 -0800] "GET / HTTP/1.1" 404 1071 "-" "Mozilla/4.0 (compatible; MSIE 5.0; Windows NT; DigExt; DTS Agent"
24.188.202.63 - - [06/Feb/2004:19:46:01 -0800] "GET / HTTP/1.1" 404 1071 "-" "Mozilla/4.0 (compatible; MSIE 5.0; Windows NT; DigExt; DTS Agent"
24.188.202.63 - - [06/Feb/2004:19:46:05 -0800] "GET / HTTP/1.1" 404 1071 "-" "Mozilla/4.0 (compatible; MSIE 5.0; Windows NT; DigExt; DTS Agent"
64.68.82.38 - - [06/Feb/2004:20:30:52 -0800] "GET /robots.txt HTTP/1.0" 404 259 "-" "Googlebot/2.1 (+http://www.googlebot.com/bot.html)"
64.68.82.38 - - [06/Feb/2004:20:30:52 -0800] "GET /stable/xwt.org/xwar/sampler-0.5pre3.xwar HTTP/1.0" 200 1982 "-" "Googlebot/2.1 (+http://www.googlebot.com/bot.html)"
128.156.10.80 - - [06/Feb/2004:20:47:11 -0800] "GET /stable/www.xwt.org/sun/plugin/protocol/PluginProxyHandler.class HTTP/1.0" 200 2007 "-" "Mozilla/4.0 (compatible;)"
128.156.10.80 - - [06/Feb/2004:20:47:44 -0800] "GET /stable/localhost:8080/xmlrpc/sun/plugin/protocol/PluginProxyHandler.class HTTP/1.0" 200 2017 "-" "Mozilla/4.0 (compatible;)"
128.156.10.80 - - [06/Feb/2004:21:38:38 -0800] "GET /stable/demos/sun/plugin/protocol/PluginProxyHandler.class HTTP/1.0" 200 2001 "-" "Mozilla/4.0 (compatible;)"
128.156.10.80 - - [06/Feb/2004:21:39:48 -0800] "GET /stable/www.benshaw.com/sun/plugin/protocol/PluginProxyHandler.class HTTP/1.0" 200 2011 "-" "Mozilla/4.0 (compatible;)"
80.236.71.18 - - [06/Feb/2004:22:03:06 -0800] "GET /stable/www.xwt.org/demo.xwar HTTP/1.1" 200 2010 "-" "Mozilla/5.0 (Windows; U; Windows NT 5.0; en-US; rv:1.5) Gecko/20030916"
80.236.71.18 - - [06/Feb/2004:22:03:16 -0800] "GET /stump.jar HTTP/1.1" 200 194 "-" "Mozilla/4.0 (Windows 2000 5.0) Java/1.4.2_01"
80.236.71.18 - - [06/Feb/2004:22:03:17 -0800] "GET /stump.jar HTTP/1.1" 200 194 "-" "Mozilla/4.0 (Windows 2000 5.0) Java/1.4.2_01"
80.236.71.18 - - [06/Feb/2004:22:03:17 -0800] "GET /shoehorn.jar HTTP/1.1" 302 70 "-" "Mozilla/4.0 (Windows 2000 5.0) Java/1.4.2_01"
80.236.71.18 - - [06/Feb/2004:22:04:21 -0800] "GET /stable/www.xwt.org/sun/plugin/protocol/PluginProxyHandler.class HTTP/1.1" 200 2045 "-" "Mozilla/4.0 (Windows 2000 5.0) Java/1.4.2_01"
80.236.71.18 - - [06/Feb/2004:22:04:21 -0800] "GET /stable/www.xwt.org/sun/plugin/protocol/PluginProxyHandler.class HTTP/1.1" 200 2045 "-" "Mozilla/4.0 (Windows 2000 5.0) Java/1.4.2_01"
66.15.64.232 - - [06/Feb/2004:22:24:02 -0800] "GET /stable/www.xwt.org/demo.xwar HTTP/1.1" 200 2198 "-" "Mozilla/4.0 (compatible; MSIE 6.0; Windows NT 5.1; .NET CLR 1.0.3705; .NET CLR 1.1.4322)"
66.15.64.232 - - [06/Feb/2004:22:24:02 -0800] "GET /favicon.ico HTTP/1.1" 404 262 "http://www.avantbrowser.com" "Avant Browser (http://www.avantbrowser.com)"
128.156.10.80 - - [06/Feb/2004:22:56:27 -0800] "GET /stump.jar HTTP/1.0" 200 194 "-" "Mozilla/4.0 (compatible;)"
128.156.10.80 - - [07/Feb/2004:00:15:44 -0800] "GET /stable/www.xwt.org/sun/plugin/protocol/PluginProxyHandler.class HTTP/1.0" 200 2007 "-" "Mozilla/4.0 (compatible;)"
128.156.10.80 - - [07/Feb/2004:00:16:16 -0800] "GET /stable/localhost:8080/xmlrpc/sun/plugin/protocol/PluginProxyHandler.class HTTP/1.0" 200 2017 "-" "Mozilla/4.0 (compatible;)"
